{"id":648,"date":"2021-08-22T01:15:04","date_gmt":"2021-08-21T22:15:04","guid":{"rendered":"http:\/\/cinarhukuk.com\/?page_id=648"},"modified":"2023-08-01T16:15:09","modified_gmt":"2023-08-01T13:15:09","slug":"kvkk","status":"publish","type":"page","link":"http:\/\/cinarhukuk.com\/index.php\/kvkk\/","title":{"rendered":"Ki\u015fisel Verilerin \u0130\u015flenmesine \u0130li\u015fkin Ayd\u0131nlatma Metni"},"content":{"rendered":"\n<p><strong>AYDINLATMA METN\u0130<\/strong><\/p>\n\n\n\n<ol><li><strong>Giri\u015f<\/strong><\/li><\/ol>\n\n\n\n<p>\u0130\u015fbu ayd\u0131nlatma metni; \u00c7\u0131nar Hukuk B\u00fcrosu&#8217;nun <strong>(&#8220;\u00c7\u0131nar Hukuk&#8221;)<\/strong>&nbsp;web adresi olan&nbsp;http:\/\/cinarhukuk.com&nbsp;internet sitesine eri\u015fim sa\u011flayan ziyaret\u00e7ilerimizin&nbsp;<strong>(\u201cZiyaret\u00e7i\u201d)<\/strong>&nbsp;bu siteyi ziyaretleri esnas\u0131nda i\u015flenen ki\u015fisel verilerinin, T\u00fcrkiye Cumhuriyeti Anayasas\u0131 ve insan haklar\u0131na ili\u015fkin \u00fclkemizin taraf\u0131 oldu\u011fu uluslararas\u0131 s\u00f6zle\u015fmeler ile 6698 say\u0131l\u0131 Ki\u015fisel Verilerin Korunmas\u0131 Kanunu (\u201c<strong>KVKK<\/strong>\u201d) ba\u015fta olmak \u00fczere ilgili mevzuata ve Ki\u015fisel Verileri Koruma Kurulu\u2019nun kararlar\u0131na uygun olarak i\u015flenmesinin ve verisi i\u015flenen ilgili ki\u015filerin haklar\u0131n\u0131 etkin \u015fekilde kullanabilmelerinin sa\u011flanmas\u0131 amac\u0131yla haz\u0131rlanm\u0131\u015ft\u0131r. \u00c7\u0131nar Hukuk ile payla\u015f\u0131lm\u0131\u015f olan t\u00fcm ki\u015fisel veriler hukuka uygun bir \u015fekilde, faaliyet ve hizmet ama\u00e7lar\u0131m\u0131z ile ba\u011flant\u0131l\u0131 ve \u00f6l\u00e7\u00fcl\u00fc olarak ve KVKK\u2019n\u0131n 4. maddesinde \u00f6ng\u00f6r\u00fclen ilkeler kapsam\u0131nda i\u015flenebilecektir.<\/p>\n\n\n\n<ol start=\"2\"><li><strong>Ki\u015fisel Verilerin \u0130\u015flenmesi Ama\u00e7lar\u0131<\/strong><\/li><\/ol>\n\n\n\n<p>Ki\u015fisel verileriniz,<\/p>\n\n\n\n<ul><li>\u0130nternet sitemiz \u00fczerinden \u015fikayet, talep ve isteklerini ileten Ziyaret\u00e7ilerimiz\u2019in taleplerinin yan\u0131tlanmas\u0131, sorunlar\u0131n\u0131n tespiti, giderilmesi ve bu s\u00fcre\u00e7lerde ki\u015filer ile ileti\u015fime ge\u00e7ilmesi,<\/li><li>\u0130nternet sitemizin g\u00fcvenli\u011finin sa\u011flanmas\u0131,<\/li><li>\u00c7\u0131nar Hukuk&#8217;un yasal y\u00fck\u00fcml\u00fcl\u00fcklerinin yerine getirilmesi,<\/li><li>\u0130leride \u00e7\u0131kabilecek hukuki uyu\u015fmazl\u0131klar\u0131n \u00e7\u00f6z\u00fcmlenmesi,<\/li><li>\u00c7\u0131nar Hukuk&#8217;un hukuki zeminde kendisine tan\u0131nan haklar\u0131n\u0131n korunmas\u0131 ve kullan\u0131lmas\u0131,<\/li><\/ul>\n\n\n\n<p>ama\u00e7lar\u0131yla, KVKK\u2019n\u0131n 5. ve 6. maddelerinde belirtilen ki\u015fisel veri i\u015fleme \u015fartlar\u0131na uygun olarak i\u015flenecektir.<\/p>\n\n\n\n<ol start=\"3\"><li><strong>Ki\u015fisel Verilerinizin Aktar\u0131lmas\u0131&nbsp;<\/strong><\/li><\/ol>\n\n\n\n<p>Ki\u015fisel verileriniz;<\/p>\n\n\n\n<ul><li>Kanuni y\u00fck\u00fcml\u00fcl\u00fc\u011f\u00fcn yerine getirilmesi veya \u00c7\u0131nar Hukuk&#8217;a ait haklar\u0131n tesisi, kullan\u0131lmas\u0131 veya korunmas\u0131 amac\u0131yla yetkili resmi kurum ve kurulu\u015flar ile kanunen yetkilendirilmi\u015f \u00f6zel ki\u015filere,<\/li><li>Yarg\u0131sal s\u00fcre\u00e7lerin y\u00fcr\u00fct\u00fclebilmesi veya takibinin sa\u011flanmas\u0131 amac\u0131yla ilgili yarg\u0131 makamlar\u0131na,<\/li><li>\u0130\u015f faaliyetlerinin aksamadan y\u00fcr\u00fct\u00fclebilmesi amac\u0131yla ayn\u0131 adreste veya i\u015fbirli\u011fi i\u00e7inde faaliyet g\u00f6sterdi\u011fimiz ger\u00e7ek ve t\u00fczel ki\u015filere,<\/li><\/ul>\n\n\n\n<p>ilgili mevzuatta \u00f6ng\u00f6r\u00fclen usul ve esaslar \u00e7er\u00e7evesinde ve KVKK\u2019n\u0131n 8. ve 9. maddelerinde belirtilen ki\u015fisel verilerin aktar\u0131lmas\u0131 \u015fartlar\u0131na ve ama\u00e7lar\u0131na uygun olarak aktar\u0131labilecektir.<\/p>\n\n\n\n<ol start=\"4\"><li><strong>Ki\u015fisel Verilerinizin Toplanma Y\u00f6ntemi ve Hukuki Sebebi<\/strong><\/li><\/ol>\n\n\n\n<p>Ki\u015fisel verileriniz, otomatik y\u00f6ntemlerle veya otomatik olmayan y\u00f6ntemler ile; \u00c7\u0131nar Hukuk&#8217;a ait internet adreslerinde yer alan ileti\u015fim formlar\u0131 vas\u0131tas\u0131yla ve sitemizi ziyaret eden ki\u015filerin IP adreslerinin kaydedilmesi suretiyle suretiyle elde edilmektedir.<\/p>\n\n\n\n<p>S\u00f6z konusu ki\u015fisel verilerinizin \u00c7\u0131nar Hukuk taraf\u0131ndan i\u015flenmesindeki hukuki sebepler; ilgili ki\u015finin, KVKK\u2019nin 5.maddesinin birinci f\u0131kras\u0131 uyar\u0131nca vermi\u015f oldu\u011fu r\u0131za ile KVKK\u2019n\u0131n 5.maddesinin ikinci f\u0131kras\u0131n\u0131n \u00e7,e ve f bentlerinde belirtilen a\u00e7\u0131k r\u0131zan\u0131n istisnas\u0131 olan hallerdir. Ki\u015fisel verileriniz belirtilen hukuki sebeplerle y\u00fcr\u00fcrl\u00fckte olan her t\u00fcrl\u00fc mevzuata uygun \u015fekilde ve i\u015fbu Ayd\u0131nlatma Metninin 2 ve 3. maddelerinde belirtilen ama\u00e7larla \u00c7\u0131nar Hukuk taraf\u0131ndan toplanmaktad\u0131r.<\/p>\n\n\n\n<ol start=\"5\"><li><strong>Veri Sahibinin md.11\u2019de Belirtilen Haklar\u0131<\/strong><\/li><\/ol>\n\n\n\n<p>KVKK\u2019n\u0131n 11. maddesinde d\u00fczenlenen haklar\u0131n\u0131z\u0131 kullanmak amac\u0131yla, cinarhukuk@cinarhukuk.com mail adresi \u00fczerinden ve Orta Mh. D-100 Kuzey Yanyol Cd. Safi Espadon Kule, No: 26\/1 K: 4 D: 41 &#8211; Kartal \/ \u0130stanbul adresinden \u00c7\u0131nar Hukuk&#8217;a ba\u015fvurabilirsiniz.<\/p>\n","protected":false},"excerpt":{"rendered":"<p>AYDINLATMA METN\u0130 Giri\u015f \u0130\u015fbu ayd\u0131nlatma metni; \u00c7\u0131nar Hukuk B\u00fcrosu&#8217;nun (&#8220;\u00c7\u0131nar Hukuk&#8221;)&nbsp;web adresi olan&nbsp;http:\/\/cinarhukuk.com&nbsp;internet sitesine eri\u015fim sa\u011flayan ziyaret\u00e7ilerimizin&nbsp;(\u201cZiyaret\u00e7i\u201d)&nbsp;bu siteyi ziyaretleri esnas\u0131nda i\u015flenen ki\u015fisel verilerinin, T\u00fcrkiye Cumhuriyeti Anayasas\u0131 ve insan haklar\u0131na ili\u015fkin \u00fclkemizin taraf\u0131 oldu\u011fu uluslararas\u0131 s\u00f6zle\u015fmeler ile 6698 say\u0131l\u0131 Ki\u015fisel Verilerin Korunmas\u0131 Kanunu (\u201cKVKK\u201d) ba\u015fta olmak \u00fczere ilgili mevzuata ve Ki\u015fisel Verileri Koruma Kurulu\u2019nun kararlar\u0131na uygun [&hellip;]<\/p>\n","protected":false},"author":2,"featured_media":0,"parent":0,"menu_order":0,"comment_status":"closed","ping_status":"closed","template":"","meta":[],"acf":[],"_links":{"self":[{"href":"http:\/\/cinarhukuk.com\/index.php\/wp-json\/wp\/v2\/pages\/648"}],"collection":[{"href":"http:\/\/cinarhukuk.com\/index.php\/wp-json\/wp\/v2\/pages"}],"about":[{"href":"http:\/\/cinarhukuk.com\/index.php\/wp-json\/wp\/v2\/types\/page"}],"author":[{"embeddable":true,"href":"http:\/\/cinarhukuk.com\/index.php\/wp-json\/wp\/v2\/users\/2"}],"replies":[{"embeddable":true,"href":"http:\/\/cinarhukuk.com\/index.php\/wp-json\/wp\/v2\/comments?post=648"}],"version-history":[{"count":2,"href":"http:\/\/cinarhukuk.com\/index.php\/wp-json\/wp\/v2\/pages\/648\/revisions"}],"predecessor-version":[{"id":778,"href":"http:\/\/cinarhukuk.com\/index.php\/wp-json\/wp\/v2\/pages\/648\/revisions\/778"}],"wp:attachment":[{"href":"http:\/\/cinarhukuk.com\/index.php\/wp-json\/wp\/v2\/media?parent=648"}],"curies":[{"name":"wp","href":"https:\/\/api.w.org\/{rel}","templated":true}]}}